?
0
What is the hundred millions digit of 142786469?
1
What is the hundred millions digit of 3112458152?
1
What is the thousands digit of 76863639?
3
What is the ten thousands digit of 20580742?
8
What is the thousands digit of 1244373236?
3
What is the hundred millions digit of 275245726?
2
What is the millions digit of 62827759?
2
What is the thousands digit of 5628579?
8
What is the ten millions digit of 2239324010?
3
What is the billions digit of 1011696458?
1
What is the hundred thousands digit of 6256216600?
2
What is the hundred thousands digit of 2081133206?
1
What is the tens digit of 66361365?
6
What is the thousands digit of 6303100?
3
What is the units digit of 44959382?
2
What is the thousands digit of 1963355043?
5
What is the millions digit of 1682114306?
2
What is the ten thousands digit of 2522386850?
8
What is the ten millions digit of 168306150?
6
What is the ten thousands digit of 572600214?
0
What is the ten thousands digit of 312722239?
2
What is the tens digit of 69498047?
4
What is the ten thousands digit of 101097420?
9
What is the tens digit of 397892629?
2
What is the tens digit of 1761831340?
4
What is the tens digit of 2473921413?
1
What is the ten millions digit of 319946107?
1
What is the units digit of 519715762?
2
What is the ten thousands digit of 3472833525?
3
What is the hundreds digit of 157008922?
9
What is the ten thousands digit of 2874158341?
5
What is the ten millions digit of 3126661834?
2
What is the thousands digit of 295616792?
6
What is the thousands digit of 252716311?
6
What is the thousands digit of 709055819?
5
What is the hundreds digit of 38335111?
1
What is the hundred millions digit of 3229245052?
2
What is the units digit of 34640703?
3
What is the ten thousands digit of 170634813?
3
What is the hundred millions digit of 358372149?
3
What is the units digit of 29759564?
4
What is the hundred thousands digit of 74956274?
9
What is the tens digit of 7429900?
0
What is the hundred millions digit of 291361431?
2
What is the ten millions digit of 517913958?
1
What is the thousands digit of 99473437?
3
What is the ten millions digit of 103518788?
0
What is the thousands digit of 86074844?
4
What is the tens digit of 32153334?
3
What is the ten thousands digit of 46069034?
6
What is the ten millions digit of 100645477?
0
What is the ten millions digit of 4507029853?
0
What is the hundred millions digit of 1525537900?
5
What is the hundreds digit of 50040577?
5
What is the millions digit of 113564930?
3
What is the tens digit of 8710591?
9
What is the ten thousands digit of 29097241?
9
What is the ten thousands digit of 1495854249?
5
What is the tens digit of 6690623789?
8
What is the ten millions digit of 57516201?
5
What is the ten thousands digit of 20491496?
9
What is the tens digit of 96292442?
4
What is the hundred thousands digit of 843311524?
3
What is the ten millions digit of 356200857?
5
What is the units digit of 340434601?
1
What is the hundred millions digit of 248606550?
2
What is the tens digit of 197160830?
3
What is the units digit of 2887973?
3
What is the hundreds digit of 1806924537?
5
What is the ten thousands digit of 564195005?
9
What is the units digit of 9933248?
8
What is the ten thousands digit of 2168471234?
7
What is the units digit of 981218159?
9
What is the hundreds digit of 137998861?
8
What is the ten millions digit of 653526488?
5
What is the millions digit of 538350789?
8
What is the tens digit of 6943476975?
7
What is the millions digit of 1641190367?
1
What is the ten thousands digit of 3375094617?
9
What is the ten millions digit of 86557727?
8
What is the ten thousands digit of 294189162?
8
What is the hundreds digit of 31677727?
7
What is the hundreds digit of 502282982?
9
What is the hundred thousands digit of 853602936?
6
What is the tens digit of 4831210737?
3
What is the ten millions digit of 453773539?
5
What is the units digit of 141834425?
5
What is the ten thousands digit of 6792884588?
8
What is the ten millions digit of 2621379367?
2
What is the tens digit of 1236921390?
9
What is the hundred thousands digit of 619913090?
9
What is the thousands digit of 170649828?
9
What is the millions digit of 405321024?
5
What is the hundreds digit of 73974567?
5
What is the hundred thousands digit of 274272139?
2
What is the hundred millions digit of 241271208?
2
What is the ten millions digit of 2306115252?
0
What is the millions digit of 2160806985?
0
What is the tens digit of 1155294813?
1
What is the tens digit of 53287071?
7
What is the units digit of 87180954?
4
What is the millions digit of 120043680?
0
What is the units digit of 4324986?
6
What is the ten millions digit of 138972851?
3
What is the units digit of 40942320?
0
What is the tens digit of 3223029505?
0
What is the tens digit of 1074707565?
6
What is the hundreds digit of 325805950?
9
What is the thousands digit of 1270981023?
1
What is the tens digit of 343475797?
9
What is the hundred millions digit of 1289614372?
2
What is the hundreds digit of 690082902?
9
What is the ten thousands digit of 883043569?
4
What is the tens digit of 46228341?
4
What is the units digit of 1873153378?
8
What is the ten millions digit of 30535362?
3
What is the ten thousands digit of 183197895?
9
What is the hundreds digit of 637946304?
3
What is the ten thousands digit of 21729793?
2
What is the hundred thousands digit of 145040524?
0
What is the ten thousands digit of 22490429?
9
What is the hundred millions digit of 360223543?
3
What is the thousands digit of 45563045?
3
What is the hundreds digit of 261556946?
9
What is the hundreds digit of 4342068994?
9
What is the millions digit of 9309983?
9
What is the hundred millions digit of 285961647?
2
What is the ten millions digit of 20531114?
2
What is the units digit of 204499082?
2
What is the hundred millions digit of 1743580397?
7
What is the tens digit of 7513195?
9
What is the hundreds digit of 38033021?
0
What is the thousands digit of 33396415?
6
What is the millions digit of 24689590?
4
What is the ten thousands digit of 3536879851?
7
What is the ten thousands digit of 625439898?
3
What is the units digit of 51736023?
3
What is the millions digit of 6683000?
6
What is the ten millions digit of 269877224?
6
What is the thousands digit of 120352984?
2
What is the hundred thousands digit of 908959168?
9
What is the millions digit of 2541342765?
1
What is the ten millions digit of 63704020?
6
What is the ten millions digit of 3101960475?
0
What is the thousands digit of 108789591?
9
What is the hundreds digit of 78313983?
9
What is the hundred thousands digit of 28809932?
8
What is the millions digit of 166416158?
6
What is the tens digit of 44348642?
4
What is the thousands digit of 7523513062?
3
What is the thousands digit of 5113898659?
8
What is the hundreds digit of 113535855?
8
What is the tens digit of 402941721?
2
What is the hundred thousands digit of 823042805?
0
What is the tens digit of 1483976943?
4
What is the units digit of 83576572?
2
What is the units digit of 159880253?
3
What is the ten millions digit of 6944723693?
4
What is the tens digit of 88476275?
7
What is the hundred thousands digit of 443210391?
2
What is the tens digit of 1422785470?
7
What is the ten thousands digit of 865899?
6
What is the ten thousands digit of 247247417?
4
What is the units digit of 982021235?
5
What is the ten millions digit of 140933762?
4
What is the millions digit of 136296027?
6
What is the tens digit of 1222022640?
4
What is the thousands digit of 93794279?
4
What is the thousands digit of 109207537?
7
What is the hundred millions digit of 1398059089?
3
What is the ten thousands digit of 4628707?
2
What is the hundred thousands digit of 263121642?
1
What is the units digit of 913004382?
2
What is the ten thousands digit of 17270562?
7
What is the ten thousands digit of 553417143?
1
What is the hundreds digit of 82419110?
1
What is the thousands digit of 4802123712?
3
What is the hundred thousands digit of 343751866?
7
What is the millions digit of 54684932?
4
What is the thousands digit of 1059277603?
7
What is the hundred thousands digit of 120487547?
4
What is the hundreds digit of 103230710?
7
What is the thousands digit of 139710632?
0
What